prime?
True
Let v = -38 + 5739. Is v prime?
True
Let m = 14 - 36. Let g = 24 + m. Suppose g*p + 5*f - 421 = -0*f, 5*f - 15 = 0. Is p composite?
True
Let x(v) = -3*v**3 + 2*v**2 + v - 4. Let i be x(-5). Let a = 608 - i. Let s = a + -113. Is s a composite number?
False
Suppose -4*g - 1707 = -g. Let k = -172 - g. Let u = k - 218. Is u a composite number?
False
Is (1 + 1)*44916/24 prime?
False
Let y(b) = -b**3 + 4*b**2 - 9*b - 7. Is y(-20) composite?
True
Let t(i) = -466*i + 17. Is t(-9) a composite number?
False
Suppose 145 = -5*h + 4080. Suppose -4*w = -2*m + h + 295, 5*w + 1620 = 3*m. Is m a composite number?
True
Let a = 16982 + -2631. Is a a prime number?
False
Let x be (-58)/14 - (-10)/70. Is 1/(x/(1140/(-5))) a composite number?
True
Suppose -3*b - 5*v = b - 12666, 3173 = b - 2*v. Let h = b - 1116. Is h a prime number?
True
Let g be (-6 + -1)*(-18)/(-9). Let x = -10 - g. Suppose -3*i - 236 = -x*c, -2*c - 2*i = -c - 59. Is c prime?
True
Let p(d) = -38*d + 77. Is p(-22) a prime number?
False
Let p = 86 - 84. Let m(n) = 129*n - 9. Is m(p) a prime number?
False
Suppose 26*h + 1214 = 27*h. Suppose -g = -927 - 1128. Let t = g - h. Is t prime?
False
Suppose 3*d = 10*d + 9030. Let o = -631 - d. Is o a composite number?
False
Suppose 11615 = 3*y - 30904. Is y a prime number?
True
Let j = 91276 + -55785. Is j a prime number?
True
Let k = 1 + -21. Let q = k + 149. Suppose -332 + q = -3*s + 4*p, -p = -3*s + 206. Is s prime?
False
Let c = 4569 - 2366. Is c composite?
False
Let d be 60/105 + (-36)/14. Is -1887*(d/4 + (-12)/(-72)) a prime number?
False
Suppose 20*t - 17*t = 5*a - 126260, 0 = -5*a - t + 126240. Is a a composite number?
True
Is (-1026228)/(-32) + 3 - 12/(-32) composite?
True
Let f(k) = -k - 3. Let t be f(-6). Suppose t*z - 40 = -5*i, -4*i + i + 2*z = -5. Suppose 3*h + 88 = i*a + 13, h = 0. Is a a prime number?
False
Suppose 2*y + 3*y = -a + 5038, 3018 = 3*y + 3*a. Suppose -6*j + y = -13*j. Let g = -75 - j. Is g composite?
True
Suppose -4 = -4*a, -5*a = 11*v - 12*v + 6390. Is v composite?
True
Let q(v) = v**3 + 7*v**2 - 9*v - 4. Let k be q(-8). Let f = 6 - 15. Is (-2967)/f - k/6 prime?
False
Let z be (1*-1204)/(38/(-19)). Let s = z + -225. Is s composite?
True
Let k be (-1)/(-3 - 38/(-13)). Let m = k - 13. Suppose -q + 0*q + 419 = m. Is q composite?
False
Suppose 5*r + 1 = -4, 3*r = 4*a - 403. Let b be (a*1)/(10/30). Let q = b - 173. Is q a composite number?
False
Suppose 86180 = 5*a - 5*y, 0 = -0*a - 2*a + 4*y + 34482. Is a composite?
False
Let l(m) = m**3 + 8*m**2 + 8*m + 7. Let j be l(-7). Suppose 3*v + 1835 = -r + 6*r, j = -4*r - 2*v + 1446. Suppose -r + 16 = -4*x. Is x a prime number?
False
Let l(s) = -13*s - 8. Let w be l(-11). Let i = -8 + w. Is i a composite number?
False
Let k be 53/(-4*(-1)/56). Let n = 6 - 2. Suppose 929 = 3*d + 2*d - 3*o, 0 = -n*d + 3*o + k. Is d a composite number?
True
Let w(b) = -835*b - 52. Is w(-3) a composite number?
True
Let m(d) be the second derivative of -91*d**4/24 - 5*d**3/3 + 2*d**2 - 6*d. Let z(v) be the first derivative of m(v). Is z(-3) prime?
True
Let i(u) = -6*u - 3. Let y be i(-3). Is -1 + -1 - (-522 + y) a prime number?
False
Suppose -158*l + 159*l = 55681. Is l composite?
False
Suppose -4*m = -2*x + 14, 1 = -2*x - 0*x - m. Let c(z) = 1051*z + 6. Is c(x) a prime number?
False
Suppose 2 = -2*h, -6*o + 5*o = -4*h - 133. Suppose -o = -y + 5*a + 600, 4*y - 3*a - 2848 = 0. Is y a prime number?
True
Suppose -10*u = -13*u + 3027. Is u a composite number?
False
Let u(l) = -401*l + 191. Is u(-10) a prime number?
True
Let j be ((-18)/(-24))/((-3)/180). Let k be 10/j + 22180/18. Let p = k + -691. Is p a composite number?
False
Let s(n) be the first derivative of n**3/3 + 3*n**2 + 14*n + 11. Is s(-15) a composite number?
False
Let t = -49 - -52. Is ((-971)/t)/(7/(-21)) a prime number?
True
Let l(n) = -4*n**2 - 3*n - 16. Let i(j) = -j**2 - 1. Let r(c) = -5*i(c) + l(c). Is r(9) a prime number?
True
Let k be -12*2*(-3)/18. Suppose -5*r + 0*r = 3*v + 26, -3*v - k*r - 22 = 0. Is 0/(-1 + v) - -407 prime?
False
Suppose -2*q + 0 + 8 = 0. Let w = 3 + q. Is w prime?
True
Suppose 5*y + 3 = 2*h - 6, 0 = 4*h - 3*y - 11. Suppose 0*w - h*w + 594 = 0. Let t = w + -136. Is t composite?
True
Let t = -24036 - -48353. Is t a composite number?
False
Suppose 0 = -6*q + 4*q + 16. Let y be 6/q + (-15078)/(-56). Let w = y + 785. Is w composite?
True
Let x(r) be the third derivative of 0*r + 4*r**2 + 271/24*r**4 + 0 - 1/6*r**3. Is x(2) prime?
True
Let x = 142 + 1009. Is x a composite number?
False
Suppose 0 = -4*z - 8, -v - 312 - 784 = 4*z. Is (1 + v)*(-9 + 8) a composite number?
False
Suppose 0 = -5*w + 2*k + 3397, 5*w - 5*k - 1708 = 1692. Is w a composite number?
True
Suppose 5*u = 4*l + 7, -4*u + 11 - 3 = -2*l. Suppose -l*n - 7680 = -4*o, 5*o - 5*n + 0*n = 9595. Is o a prime number?
False
Suppose 2*y - 4*y = -58. Suppose -1407 = 26*w - y*w. Is w - (3 - (-1 + 2)) a prime number?
True
Suppose -3871 = 4*t + h - 4*h, -2*h - 4856 = 5*t. Let x = 1421 + t. Is x prime?
False
Let c(b) = -b + 11. Let g be c(9). Suppose -y = -g, -4*y + 58 = -2*h + 502. Suppose -434 = -5*a + 4*i, 5*i = -4*a + h + 113. Is a prime?
False
Suppose 4*a + 11775 = 5*q, -3*a + 7033 = 3*q + a. Is q composite?
False
Suppose 0*g - g + 47 = -5*r, -2*g + 2*r = -86. Suppose 10 = -5*x, x + 0*x = i - 4. Suppose 5*q = i*q + g. Is q prime?
False
Let q be ((-9)/(-6))/(9/24). Let h be (957/6)/(q/8). Suppose 3*g - 2*g - h = 0. Is g prime?
False
Suppose -5002 = -9*j + 32519. Is j a composite number?
True
Suppose -5*k = -2*f + 7308, 5*f - 2*k - 18291 = -0*f. Is f a prime number?
True
Suppose u + 4*u = 13990. Let y = u + -21. Is y a prime number?
True
Suppose 0 = -4*t + 2*z + 12656, t - 4*z - z = 3173. Is t a prime number?
True
Let b be 433*2*(-70)/(-28). Let v = 4452 - b. Is v a composite number?
False
Is (-271 + 2)*(-75 - 4) a prime number?
False
Suppose 9*c - 172293 - 73146 = 0. Is c composite?
False
Suppose 5*f = 4*f + l + 1516, -f - 2*l + 1501 = 0. Is f prime?
True
Let u(n) be the second derivative of 13*n**4/12 - 2*n. Let v be u(1). Let k = 20 + v. Is k prime?
False
Let t(h) = 12*h**2 - 46*h - 3. Is t(16) composite?
False
Suppose 3 = -k - 0, 6 = p - 2*k. Suppose p = -u + 37 + 174. Is u prime?
True
Suppose 556 - 5289 = -y. Is y a prime number?
True
Let m(t) = 1093*t - 4. Let u be m(-2). Let y = u - -3357. Suppose -y = 5*d - 8*d. Is d composite?
False
Let w = 5330 - 1569. Is w a composite number?
False
Let s be (-205)/65 - 4/(-26). Let m = s + 92. Is m prime?
True
Suppose -16 = -3*j + 8. Suppose -36 = -4*d - j. Suppose d*g = 8*g - 19. Is g composite?
False
Let p(x) = 56*x**2 + 26*x + 9. Is p(-5) a composite number?
False
Is ((-14331)/9)/(9/(-27)) prime?
False
Let p(n) = 7*n**2 - 16*n + 1. Is p(8) composite?
True
Let w be 15/5 + -2 - -100. Let y = w - -68. Is y composite?
True
Let u = 1 + 1. Suppose -2*t + u = -6. Suppose 3*n = -2*d + t*d - 83, -2*d - 5*n + 43 = 0. Is d a composite number?
True
Is (-195)/(-4095) - (-397382)/21 composite?
True
Suppose 0 = -3*i + 2*c + 35951, 0 = -3*c + 10 + 5. Is i a prime number?
True
Suppose 0 = 493*n - 490*n - 8763. Is n prime?
False
Let v be 1/7 + ((-21726)/(-14) - -1). Let t = v - 1012. Is t a prime number?
True
Let j(k) = 8*k**2 - 68*k - 14. Is j(-26) a prime number?
False
Let x be (((-42)/9)/(-7))/(4/(-42)). Let f(v) = 3*v**2 + 15*v - 7. Is f(x) a prime number?
False
Suppose 3*x - x = 0. Suppose -2*d = -x*g + g - 19, -5*g = 3*d - 39. Is (-8 + 2)/(d/(-12)) a prime number?
False
Suppose 3*r + z - 72664 = 0, 5*r - 94429 = z + 26675. Is r composite?
True
Let t be (5 + -1 - 3)*21. Suppose 0 = 4*j - 2*v - 278, 5*j - 4*v - 345 = v. Suppose 0 = b - t - j. Is b prime?
False
Let h(d) = -2 - 13 + 3 + 413*d. Is h(5) a prime number?
True
Let c(l) = 82*l - 3. Let j(p) = -123*p + 5. Let u(d) = 8*c(d) + 5*j(d). Is u(10) a prime number?
False
Let j be 236/(-6)*(-2)/(-4)*6. Let r(y) = -93*y - 3. Let m be r(-2). Let q = j + m. Is q a prime number?
False
Let v(k) = k**2 - 10*k. Let h be v(10). Suppose -f = -4*x - 29, -2*f + h = -x - 23. Suppose 5*a + f - 39 = 0. Is a a prime number?
False
Suppose -5*t = 0, p - 3*p + 8 = -4*t. Is p - (0 + -784 + 1) prime?
True
Let p be -1 + 7/(7/(-16)). Let s be (p + 2)*(-22)/(-5). Let k = s - -161. Is k a prime number?